{"id":240,"date":"2019-08-06T14:49:09","date_gmt":"2019-08-06T12:49:09","guid":{"rendered":"https:\/\/jomedia.de\/?page_id=240"},"modified":"2022-07-21T17:02:30","modified_gmt":"2022-07-21T15:02:30","slug":"startseite","status":"publish","type":"page","link":"https:\/\/jomedia.de\/","title":{"rendered":"Kostenlose Spiele f\u00fcr Smartphones und Tablets"},"content":{"rendered":"<p>Hier findest Du eine st\u00e4ndig wachsende Anzahl an kostenlosen Spielen f\u00fcr Smartphones und Tablets.<\/p>\n<hr>\n<p><a href=\"https:\/\/jomedia.de\/wp-content\/uploads\/2022\/07\/ic_launcher_foreground-e1658415466515.png\"><img decoding=\"async\" loading=\"lazy\" class=\"alignleft wp-image-409 size-full\" src=\"https:\/\/jomedia.de\/wp-content\/uploads\/2022\/07\/ic_launcher_foreground-e1658415466515.png\" alt=\"\" width=\"144\" height=\"144\"><\/a><\/p>\n<p><strong><em>Spiel 11: FlapTap Jo &#8211; <\/em><\/strong>Fliege so weit Du kannst.<\/p>\n<p><a href=\"https:\/\/play.google.com\/store\/apps\/details?id=de.jomedia.FlapTapJo\" target=\"_blank\" rel=\"noopener noreferrer\"><img decoding=\"async\" loading=\"lazy\" class=\"alignleft wp-image-99 size-full\" src=\"https:\/\/jomedia.de\/wp-content\/uploads\/2019\/08\/google-play-badge_DE.png\" alt=\"Spiel f\u00fcr Smartphones und Tablets. Kostenloses Android und iOS Spiel. FlapTap Jo\" width=\"195\" height=\"58\"><\/a><\/p>\n<p><video controls=\"controls\" width=\"315\" height=\"420\"><source src=\"https:\/\/jomedia.de\/wp-content\/uploads\/2019\/08\/FlappyJo.mp4\" type=\"video\/mp4\"><\/video><\/p>\n<hr>\n<hr>\n<p><a href=\"https:\/\/itunes.apple.com\/app\/ninja-skyway\/id1385551895?mt=8\"><img decoding=\"async\" loading=\"lazy\" class=\"alignleft size-full wp-image-99\" src=\"https:\/\/www.jomedia.de\/wp-content\/uploads\/2018\/05\/Icon-App-72x72@2x2.png\" alt=\"iOS Spiel f\u00fcr iPhone and iPad. Kostenloses Spiel. Ninja Skyway\" width=\"144\" height=\"144\"><\/a><\/p>\n<p><strong><em>iOS Spiel 10: Ninja Skyway &#8211; <\/em><\/strong>Laufe mit dem Ninja, so weit Du kannst. Kostenloses iOS Spiel.<\/p>\n<p><a href=\"https:\/\/itunes.apple.com\/app\/ninja-skyway\/id1385551895?mt=8\" target=\"_blank\" rel=\"noopener noreferrer\"><img decoding=\"async\" loading=\"lazy\" class=\"alignleft wp-image-50 size-full\" src=\"https:\/\/jomedia.de\/wp-content\/uploads\/2019\/08\/App_Store_Badge_DE.png\" alt=\"iOS Spiel f\u00fcr iPhone and iPad. Kostenloses Spiel. Ninja Skyway\" width=\"195\" height=\"58\"><\/a><\/p>\n<p><video controls=\"controls\" width=\"315\" height=\"420\"><source src=\"https:\/\/jomedia.de\/wp-content\/uploads\/2018\/06\/Preview_NinjaSkyway_iPad.mp4\" type=\"video\/mp4\"><\/video><\/p>\n<hr>\n<hr>\n<p><a href=\"https:\/\/itunes.apple.com\/app\/cuboid-stack\/id1373747415?mt=8\"><img decoding=\"async\" loading=\"lazy\" class=\"alignleft size-full wp-image-99\" src=\"https:\/\/www.jomedia.de\/wp-content\/uploads\/2018\/05\/Icon-App-72x72@2x1.png\" alt=\"iOS Spiel f\u00fcr iPhone and iPad. Kostenloses Spiel. Cuboid Stack\" width=\"144\" height=\"144\"><\/a><\/p>\n<p><strong><em>iOS Spiel 9: Cuboid Stack &#8211;&nbsp;<\/em><\/strong>Baue einen hohen Turm. Kostenloses iOS Spiel.<\/p>\n<p><a href=\"https:\/\/itunes.apple.com\/app\/cuboid-stack\/id1373747415?mt=8\" target=\"_blank\" rel=\"noopener noreferrer\"><img decoding=\"async\" loading=\"lazy\" class=\"alignleft size-full wp-image-50\" src=\"https:\/\/jomedia.de\/wp-content\/uploads\/2019\/08\/App_Store_Badge_DE.png\" alt=\"iOS Spiel f\u00fcr iPhone and iPad. Kostenloses Spiel. Cuboid Stack\" width=\"195\" height=\"58\"><\/a><\/p>\n<p><video controls=\"controls\" width=\"315\" height=\"420\"><source src=\"https:\/\/jomedia.de\/wp-content\/uploads\/2018\/06\/CuboidStack_iPad.mp4\" type=\"video\/mp4\"><\/video><\/p>\n<hr>\n<hr>\n<p><a href=\"https:\/\/itunes.apple.com\/app\/flappy-levels\/id1318238598?mt=8\"><img decoding=\"async\" loading=\"lazy\" class=\"alignleft size-full wp-image-99\" src=\"https:\/\/www.jomedia.de\/wp-content\/uploads\/2018\/05\/Icon-App-72x72@2x.png\" alt=\"iOS Spiel f\u00fcr iPhone and iPad. Kostenloses Spiel. Flappy Levels\" width=\"144\" height=\"144\"><\/a><\/p>\n<p><strong><em>iOS Spiel 8: Flappy Levels &#8211;&nbsp;<\/em><\/strong>Fliege soweit du kannst. Kostenloses iOS Spiel.<\/p>\n<p><a href=\"https:\/\/itunes.apple.com\/app\/flappy-levels\/id1318238598?mt=8\" target=\"_blank\" rel=\"noopener noreferrer\"><img decoding=\"async\" loading=\"lazy\" class=\"alignleft size-full wp-image-50\" src=\"https:\/\/jomedia.de\/wp-content\/uploads\/2019\/08\/App_Store_Badge_DE.png\" alt=\"iOS Spiel f\u00fcr iPhone and iPad. Kostenloses Spiel. Flappy Levels\" width=\"195\" height=\"58\"><\/a><\/p>\n<p><video controls=\"controls\" width=\"315\" height=\"420\"><source src=\"https:\/\/jomedia.de\/wp-content\/uploads\/2018\/06\/FlappsLevels.mp4\" type=\"video\/mp4\"><\/video><\/p>\n<hr>\n<hr>\n<p><a href=\"https:\/\/itunes.apple.com\/app\/id1246796016?mt=8\"><img decoding=\"async\" loading=\"lazy\" class=\"alignleft size-full wp-image-99\" src=\"https:\/\/www.jomedia.de\/wp-content\/uploads\/2017\/08\/Icon-App-72x72@2x.png\" alt=\"iOS Spiel f\u00fcr iPhone and iPad. Kostenloses Spiel. Finite Balls\" width=\"144\" height=\"144\"><\/a><\/p>\n<p><strong><em>iOS Spiel 7: Finite Balls &#8211;&nbsp;<\/em><\/strong>B\u00e4lle vs. Bl\u00f6cke. Kostenloses iOS Spiel.<\/p>\n<p><a href=\"\/\/itunes.apple.com\/app\/id1246796016?mt=8\" target=\"_blank\" rel=\"noopener noreferrer\"><img decoding=\"async\" loading=\"lazy\" class=\"alignleft size-full wp-image-50\" src=\"https:\/\/jomedia.de\/wp-content\/uploads\/2019\/08\/App_Store_Badge_DE.png\" alt=\"iOS Spiel f\u00fcr iPhone and iPad. Kostenloses Spiel. Finite Balls\" width=\"195\" height=\"58\"><\/a><\/p>\n<p><video controls=\"controls\" width=\"315\" height=\"420\"><source src=\"https:\/\/jomedia.de\/wp-content\/uploads\/2018\/06\/FiniteBalls_iPad.mp4\" type=\"video\/mp4\"><\/video><\/p>\n<hr>\n<hr>\n<p><a href=\"https:\/\/itunes.apple.com\/app\/id1218867369?mt=8 target=\" rel=\"noopener noreferrer\"><img decoding=\"async\" loading=\"lazy\" class=\"alignleft wp-image-95 size-full\" src=\"https:\/\/www.jomedia.de\/wp-content\/uploads\/2017\/04\/Icon-App-72x72@2x.png\" alt=\"iOS Spiel f\u00fcr iPhone and iPad. Kostenloses Spiel. Fall Jo\" width=\"144\" height=\"144\"><\/a><\/p>\n<p><strong><em>iOS Spiel 6: Fall&nbsp;Jo! &#8211;&nbsp;<\/em><\/strong>Finde den Weg durch schwierige Hindernisse. Kostenloses iOS Spiel.<\/p>\n<p><a href=\"https:\/\/itunes.apple.com\/app\/id1218867369?mt=8\" target=\"_blank\" rel=\"noopener noreferrer\"><img decoding=\"async\" loading=\"lazy\" class=\"alignleft size-full wp-image-50\" src=\"https:\/\/jomedia.de\/wp-content\/uploads\/2019\/08\/App_Store_Badge_DE.png\" alt=\"iOS Spiel f\u00fcr iPhone and iPad. Kostenloses Spiel. Fall Jo\" width=\"195\" height=\"58\"><\/a><\/p>\n<p><video controls=\"controls\" width=\"315\" height=\"420\"><source src=\"https:\/\/jomedia.de\/wp-content\/uploads\/2018\/06\/FallJo-Preview-Pad.mp4\" type=\"video\/mp4\"><\/video><\/p>\n<hr>\n<hr>\n<p><a href=\"https:\/\/itunes.apple.com\/app\/id1212890973?mt=8\" target=\"_blank\" rel=\"noopener noreferrer\"><img decoding=\"async\" loading=\"lazy\" class=\"alignleft size-full wp-image-92\" src=\"https:\/\/www.jomedia.de\/wp-content\/uploads\/2017\/03\/Icon-App-72x72@2x.png\" alt=\"iOS Spiel f\u00fcr iPhone and iPad. Kostenloses Spiel. Plunge Jo\" width=\"144\" height=\"144\"><\/a><\/p>\n<p><strong><em>iOS Spiel 5: Plunge Jo! &#8211;&nbsp;<\/em><\/strong>\u00dcberwindende schwierige Hindernisse.&nbsp;30 Levels. Kostenloses iOS Spiel.<\/p>\n<p><a href=\"https:\/\/itunes.apple.com\/app\/id1212890973?mt=8\" target=\"_blank\" rel=\"noopener noreferrer\"><img decoding=\"async\" loading=\"lazy\" class=\"alignleft size-full wp-image-50\" src=\"https:\/\/jomedia.de\/wp-content\/uploads\/2019\/08\/App_Store_Badge_DE.png\" alt=\"iOS Spiel f\u00fcr iPhone and iPad. Kostenloses Spiel. Plunge Jo\" width=\"195\" height=\"58\"><\/a><\/p>\n<p><video controls=\"controls\" width=\"315\" height=\"420\"><source src=\"https:\/\/jomedia.de\/wp-content\/uploads\/2018\/06\/PlungeJo-iPad-Preview.mp4\" type=\"video\/mp4\"><\/video><\/p>\n<hr>\n<hr>\n<p><a href=\"https:\/\/itunes.apple.com\/app\/id1164396685?mt=8\" target=\"_blank\" rel=\"noopener noreferrer\"><img decoding=\"async\" loading=\"lazy\" class=\"alignleft size-full wp-image-79\" src=\"https:\/\/www.jomedia.de\/wp-content\/uploads\/2015\/06\/Icon-App-76x76@2x1.png\" alt=\"iOS Spiel f\u00fcr iPhone and iPad. Kostenloses Spiel. Jump Up Jo\" width=\"152\" height=\"152\" srcset=\"https:\/\/jomedia.de\/wp-content\/uploads\/2015\/06\/Icon-App-76x76@2x1.png 152w, https:\/\/jomedia.de\/wp-content\/uploads\/2015\/06\/Icon-App-76x76@2x1-150x150.png 150w\" sizes=\"(max-width: 152px) 100vw, 152px\" \/><\/a><\/p>\n<p><strong><em>iOS Spiel 4: Jump Up Jo! &#8211;&nbsp;<\/em><\/strong>Springe so hoch Du kannst. Kostenloses iOS Spiel.<\/p>\n<p><a href=\"https:\/\/itunes.apple.com\/app\/id1164396685?mt=8\" target=\"_blank\" rel=\"noopener noreferrer\"><img decoding=\"async\" loading=\"lazy\" class=\"alignleft size-full wp-image-50\" src=\"https:\/\/jomedia.de\/wp-content\/uploads\/2019\/08\/App_Store_Badge_DE.png\" alt=\"iOS Spiel f\u00fcr iPhone and iPad. Kostenloses Spiel. Jump Up Jo\" width=\"195\" height=\"58\"><\/a><\/p>\n<p><video controls=\"controls\" width=\"315\" height=\"420\"><source src=\"https:\/\/jomedia.de\/wp-content\/uploads\/2018\/06\/JumpUpJo.mp4\" type=\"video\/mp4\"><\/video><\/p>\n<hr>\n<hr>\n<p><a href=\"https:\/\/itunes.apple.com\/app\/id1141676090?mt=8\" target=\"_blank\" rel=\"noopener noreferrer\"><img decoding=\"async\" loading=\"lazy\" class=\"alignleft size-full wp-image-64\" src=\"https:\/\/www.jomedia.de\/wp-content\/uploads\/2015\/06\/Icon-App-76x76@2x.png\" alt=\"iOS Spiel f\u00fcr iPhone and iPad. Kostenloses Spiel. Jump Jo\" width=\"152\" height=\"152\"><\/a><\/p>\n<p><strong><em>iOS Spiel 3: Jump Jo! &#8211;<\/em><\/strong>&nbsp;Springe so hoch Du kannst. Kostenloses iOS Spiel.<\/p>\n<p><a href=\"https:\/\/itunes.apple.com\/app\/id1141676090?mt=8\" target=\"_blank\" rel=\"noopener noreferrer\"><img decoding=\"async\" loading=\"lazy\" class=\"alignleft size-full wp-image-50\" src=\"https:\/\/jomedia.de\/wp-content\/uploads\/2019\/08\/App_Store_Badge_DE.png\" alt=\"iOS Spiel f\u00fcr iPhone and iPad. Kostenloses Spiel. Jump Jo\" width=\"195\" height=\"58\"><\/a><\/p>\n<p><video controls=\"controls\" width=\"315\" height=\"420\"><source src=\"https:\/\/jomedia.de\/wp-content\/uploads\/2018\/06\/JumpJo.mp4\" type=\"video\/mp4\"><\/video><\/p>\n<hr>\n<hr>\n<p><a href=\"https:\/\/itunes.apple.com\/app\/id1031017453?mt=8\" target=\"_blank\" rel=\"noopener noreferrer\"><img decoding=\"async\" loading=\"lazy\" class=\"alignleft size-full wp-image-64\" src=\"https:\/\/www.jomedia.de\/wp-content\/uploads\/2015\/06\/Icon-72@2x.png\" alt=\"iOS Spiel f\u00fcr iPhone and iPad. Kostenloses Spiel. Apple Slice\" width=\"144\" height=\"144\"><\/a><\/p>\n<p><strong><em>iOS Spiel 2: Apple Slice &#8211;<\/em><\/strong>&nbsp;Zerteile \u00c4pfel und andere Fr\u00fcchte. Kostenloses iOS Spiel.<\/p>\n<p><a href=\"https:\/\/itunes.apple.com\/app\/id1031017453?mt=8\" target=\"_blank\" rel=\"noopener noreferrer\"><img decoding=\"async\" loading=\"lazy\" class=\"alignleft size-full wp-image-50\" src=\"https:\/\/jomedia.de\/wp-content\/uploads\/2019\/08\/App_Store_Badge_DE.png\" alt=\"iOS Spiel f\u00fcr iPhone and iPad. Kostenloses Spiel. Apple Slice\" width=\"195\" height=\"58\"><\/a><\/p>\n<p><video controls=\"controls\" width=\"420\" height=\"315\"><source src=\"https:\/\/jomedia.de\/wp-content\/uploads\/2018\/06\/Apple-Slice-Preview.mp4\" type=\"video\/mp4\"><\/video><\/p>\n<hr>\n<hr>\n<p><a href=\"https:\/\/itunes.apple.com\/app\/id1003792630?mt=8\" target=\"_blank\" rel=\"noopener noreferrer\"><img decoding=\"async\" loading=\"lazy\" class=\"alignleft size-full wp-image-14\" src=\"https:\/\/www.jomedia.de\/wp-content\/uploads\/2015\/06\/Icon-72@2x1.png\" alt=\"iOS Spiel f\u00fcr iPhone and iPad. Kostenloses Spiel. FlapTap Jo\" width=\"144\" height=\"144\"><\/a><\/p>\n<p><em><strong>iOS Spiel 1: FlapTap Jo &#8211;&nbsp;<\/strong><\/em><span style=\"line-height: 1.6471;\">Fliege soweit du kannst. Kostenloses iOS Spiel.<\/span><\/p>\n<p><a href=\"https:\/\/itunes.apple.com\/app\/id1003792630?mt=8\" target=\"_blank\" rel=\"noopener noreferrer\"><img decoding=\"async\" loading=\"lazy\" class=\"alignleft size-full wp-image-50\" src=\"https:\/\/jomedia.de\/wp-content\/uploads\/2019\/08\/App_Store_Badge_DE.png\" alt=\"iOS Spiel f\u00fcr iPhone and iPad. Kostenloses Spiel. FlapTap Jo\" width=\"195\" height=\"58\"><\/a><\/p>\n<p><video controls=\"controls\" width=\"315\" height=\"420\"><source src=\"https:\/\/jomedia.de\/wp-content\/uploads\/2018\/06\/FlapTapJo-Preview-iPad.mp4\" type=\"video\/mp4\"><\/video><\/p>\n<hr>\n","protected":false},"excerpt":{"rendered":"<p>Hier findest Du eine st\u00e4ndig wachsende Anzahl an kostenlosen Spielen f\u00fcr Smartphones und Tablets. Spiel 11: FlapTap Jo &#8211; Fliege so weit Du kannst. iOS Spiel 10: Ninja Skyway &#8211; Laufe mit dem Ninja, so weit Du kannst. Kostenloses iOS Spiel. iOS Spiel 9: Cuboid Stack &#8211;&nbsp;Baue einen hohen Turm. Kostenloses iOS Spiel. iOS Spiel &hellip; <a href=\"https:\/\/jomedia.de\/\" class=\"more-link\">Continue reading <span class=\"screen-reader-text\">Kostenlose Spiele f\u00fcr Smartphones und Tablets<\/span><\/a><\/p>\n","protected":false},"author":1,"featured_media":0,"parent":0,"menu_order":0,"comment_status":"closed","ping_status":"closed","template":"","meta":[],"_links":{"self":[{"href":"https:\/\/jomedia.de\/index.php\/wp-json\/wp\/v2\/pages\/240"}],"collection":[{"href":"https:\/\/jomedia.de\/index.php\/wp-json\/wp\/v2\/pages"}],"about":[{"href":"https:\/\/jomedia.de\/index.php\/wp-json\/wp\/v2\/types\/page"}],"author":[{"embeddable":true,"href":"https:\/\/jomedia.de\/index.php\/wp-json\/wp\/v2\/users\/1"}],"replies":[{"embeddable":true,"href":"https:\/\/jomedia.de\/index.php\/wp-json\/wp\/v2\/comments?post=240"}],"version-history":[{"count":34,"href":"https:\/\/jomedia.de\/index.php\/wp-json\/wp\/v2\/pages\/240\/revisions"}],"predecessor-version":[{"id":413,"href":"https:\/\/jomedia.de\/index.php\/wp-json\/wp\/v2\/pages\/240\/revisions\/413"}],"wp:attachment":[{"href":"https:\/\/jomedia.de\/index.php\/wp-json\/wp\/v2\/media?parent=240"}],"curies":[{"name":"wp","href":"https:\/\/api.w.org\/{rel}","templated":true}]}}